940 - -95. Let o = -164 - f. What is the hundreds digit of o?
6
What is the units digit of (-7)/(-63)*-6 + (-6 - 15941/(-3))?
7
What is the units digit of (-4083160)/(-66) - 104/1716 - -1?
7
Let i(j) = -307*j**3 - 110*j**2 + 5*j + 5. What is the tens digit of i(-3)?
8
Let s = -6 + 1. Let v(o) = -2*o**3 + 5*o**2 + 6*o + 2. Let w be v(s). Suppose 4*u - w = -71. What is the tens digit of u?
6
Suppose -z = -0*z - 83. Suppose 0 = 2*h + 5*y - z, 2*y - 158 = -6*h + 2*h. What is the units digit of ((-44)/(-12) - 2)*h?
5
Suppose 34*r - 13*r + 39896 = 126227. What is the tens digit of r?
1
Suppose -5*t + 64 = -341. Let w = t - 61. What is the tens digit of (4 + w/(-6))*69?
4
Let o = 20310 - 5095. What is the thousands digit of o?
5
Suppose p + 4 = 5*p, 0 = b - p - 30989. What is the thousands digit of b?
0
Suppose 0 = s + 2*r - 355, 3 = -3*r + 15. Let c = 356 - s. What is the units digit of c?
9
Let s = 64 - 131. Let u = s - -114. What is the units digit of u?
7
Let y(d) = 193*d - 304. What is the hundreds digit of y(82)?
5
Let n(f) = 40*f**2 + f. Let d be n(1). Let l = d + -38. Suppose 2*v - l*k - 238 = -0*v, -561 = -5*v - k. What is the units digit of v?
3
Let g be 12/(-10)*320/(-24). Suppose -g*m + 23*m - 3521 = 0. What is the tens digit of m?
0
Let o be 20/140 - (-27)/7. Let i = o - 0. What is the units digit of i?
4
Suppose 4*h + 5*j - 37 = 0, 36 - 2 = 4*h + 2*j. Suppose -4256 = -30*w - h*w. What is the tens digit of w?
1
Let m be (-4)/(-6) - (-25)/75. Let l be 12/(2/m)*(-152)/(-6). Let b = 324 - l. What is the tens digit of b?
7
Suppose 0 = h + 2*h. Suppose -2*d = -30*d + 19376. Suppose 4*b - 727 = -3*v, 4*b + h*v = 4*v + d. What is the tens digit of b?
7
Let r(n) = -n + 5. Let q be r(6). Let b = q - -459. What is the hundreds digit of b?
4
Suppose -71 - 21 = -2*c. Let y = c + -41. Suppose -4*l = y*l - 729. What is the units digit of l?
1
Let t be -1 - (5 + -2) - 32. What is the units digit of -2 - 29/((20/5)/t)?
9
Let u(a) = 3036*a**2 - 27*a - 64. What is the thousands digit of u(-2)?
2
Let n(q) = -2*q**2 + 27*q + 29. Let m be n(14). Suppose 0 = -4*b + m*b - 1364. What is the tens digit of b?
2
Let o be -1*(2 + 0)*351/26. Let m = o - -68. What is the units digit of m?
1
Suppose -3*x + 16 = 28. Let s(j) = -66*j + 12. What is the hundreds digit of s(x)?
2
Suppose -2*h = -4*y + 3*y + 787, -4*h + 4*y - 1564 = 0. Let q = h + 1058. What is the units digit of q?
2
Suppose 0 = -p - 2*y - 16, 4*y + 51 = -3*p + 11. What is the hundreds digit of 752 - (-1 + 4 + 4 + p)?
7
Let w(k) = k**3 - 8*k**2 + 8*k - 5. Let r be w(7). Suppose r*l = 32 - 4. Let n(i) = i**2 - 7*i - 14. What is the units digit of n(l)?
4
What is the units digit of (-3)/(-36)*6618*50/5?
5
Suppose 2*x - 2*n = 8786, -4*x - 2*n + 22000 = x. What is the units digit of x?
8
Let u(k) = -6*k**3 - 3*k**2 + k - 12. Let n = 477 + -483. What is the thousands digit of u(n)?
1
Let i(z) = 164*z + 237. Let c be i(30). Suppose 0 = 2*u + f - c + 2002, -4*f - 6292 = -4*u. What is the hundreds digit of u?
5
Let b be (10 - 1) + 1 + -3. Suppose -6*o + 24 = -2*o + d, -3*d = -12. Let v = b - o. What is the units digit of v?
2
What is the tens digit of 249600/1260 - (-10*52/(-168) - 3)?
9
Suppose -5*j = g - 22, 5*g - 2*j - 5 = -3. Suppose -130 + 1188 = g*a + 4*l, -3*l - 12 = 0. What is the hundreds digit of a?
5
Let q(p) = -3*p + 3. Let z be q(-29). Suppose 4*k = 86 + z. What is the tens digit of k?
4
Let d be 4/(-1) - (-1 + -432 - 1). Suppose 117*w = 122*w - d. What is the tens digit of w?
8
Let b be 34 - 28 - (2 + -1). Let y = -11 - -11. Suppose b*h - 735 = -y*h. What is the tens digit of h?
4
Let w be ((-243)/6 - -4)*6. Let a = w - -64. Let x = a - -394. What is the tens digit of x?
3
Suppose 11*v - 7*v = 916. Suppose -5*k = -1614 + v. What is the hundreds digit of k?
2
Suppose 3*t + 4*r + 2 = 0, -3*t + 40 = 2*t - 2*r. Suppose -y = -t*y + 975. What is the units digit of y?
5
Let u be 2 - -12 - 4/2. Let k(o) be the third derivative of o**5/30 - 5*o**4/8 + 2*o**3/3 - 645*o**2. What is the units digit of k(u)?
2
Let n = 741 + -795. Let o = n - -1153. What is the hundreds digit of o?
0
Let j(k) = -k**2 + 27*k + 5. Let n be j(27). Suppose 4*r = n*i - 1460, -6*r + 584 = 2*i - 10*r. What is the units digit of i?
2
Suppose -4*q - 5*s - 10 = 0, 4*q = -38*s + 39*s - 22. Suppose -2*l + 210 = 64. Let t = l + q. What is the tens digit of t?
6
Suppose -2*p - k + 29 = 0, -5*p + 3*k + 78 = -0*p. Suppose -14 = -p*q + 8*q. Suppose 4*t - 156 = -3*n + 3*t, -3*t - 93 = -q*n. What is the tens digit of n?
5
Suppose 0 = -50*d - 238952 + 810602. What is the thousands digit of d?
1
Suppose 0 = 4*t + 3*h - 1582, 409 + 1175 = 4*t + 4*h. Suppose -3*d + k - 4*k = -636, 0 = 2*d - 4*k - t. Let j = 353 - d. What is the tens digit of j?
4
What is the units digit of 249/(-166)*82*-485?
5
Let v be (0 - -4)/(-16)*-4. Let l(b) = 13*b - 7. Let a be l(v). Let h = 33 + a. What is the tens digit of h?
3
Let d be 6/(-15)*100/(-8). Suppose 0 = -14*n + d - 5. Let a(z) = 13*z + 88. What is the units digit of a(n)?
8
Suppose -5*l - 414 = k - 1452, -4*l + 11418 = 11*k. What is the hundreds digit of k?
0
Suppose -5*b - 15 = 0, 4*j + 4*b + 1894 = 7226. Suppose 5*i - j = -5*c + 9*i, 0 = -5*c - 2*i + 1342. What is the tens digit of c?
6
Let c = 39 - 36. Suppose 0 = -w - 4, c*n - 137 = 2*w. Suppose 4*f - 117 = n. What is the units digit of f?
0
Let l = -54095 + 103020. What is the thousands digit of l?
8
Let n = 121 + -119. Suppose 5*r + 3*g = -n*g - 125, 5*r + 4*g + 124 = 0. What is the units digit of (r/15 - -2)*20?
8
Let i(o) = -o**2 - 24*o - 20. Let w be 2/7 + 1496/154. Suppose -w = -4*h - 58. What is the hundreds digit of i(h)?
1
Let j(u) = -u**3 + 4*u**2 - 4*u. Let p be j(2). Suppose -4*d = r + 2*r - 527, p = 4*d + 5*r - 521. What is the hundreds digit of d?
1
Suppose 0 = 18*u + 253*u - 8240297. What is the hundreds digit of u?
4
Let r = 2542 + 3183. What is the units digit of r?
5
Suppose v - 4 = 38. What is the tens digit of 13812/v + (-2)/(-14)?
2
Suppose -3*l + 11002 = 5*w, 0 = 23*w - 24*w - 5*l + 2218. What is the tens digit of w?
9
Let a = -1967 + 3184. What is the units digit of a?
7
Let v(s) = 29*s + 15. Let l be v(5). Suppose 72*j = 70*j - l. Let r = j + 135. What is the tens digit of r?
5
Let a(p) = p**3 - 8*p**2 - 11*p - 13. Let k(z) = -z**3 + z**2 + z - 1. Let j(g) = a(g) + 2*k(g). Let q be j(-5). What is the units digit of (-186)/(q/2 + -4)?
4
Let p = -984 - -2270. Let c = -799 + p. What is the tens digit of c?
8
Suppose 0 = v + 12*v - 52. What is the hundreds digit of -11 - -233 - ((1 - v) + 2)?
2
Let a(m) = m. Let z(f) = -2*f + 20. Let t(b) = -5*a(b) - z(b). Let k(r) = -50*r - 215. Let y be k(-4). What is the tens digit of t(y)?
2
Let l be 1669/3*7/((-21)/9). Let h = l - -2950. What is the hundreds digit of h?
2
Suppose -195*u = -202*u + 14. Suppose -2*t - 380 + 1492 = u*l, 0 = -4*t + 4*l + 2240. What is the tens digit of t?
5
Let s be 1827/(-7) + (-2)/(-1). Let x be s/3*684/(-38). What is the units digit of (1 + 5/(-3))/((-14)/x)?
4
Let s = 45 - 15. Let m be 65/7 + (-7)/(245/10). What is the units digit of 46/6 - (4 - s/m)?
7
Let f(i) = -94*i**3 - i**2 + 11*i + 24. Let o be f(-2). What is the tens digit of (o/(-8))/((-3)/(-5))*-4?
2
Let k(f) = 79*f**2 + 144*f + 40. What is the tens digit of k(-25)?
1
Suppose -8*i = -3*i, 3294 = 3*k + i. Let s = k + 15. What is the thousands digit of s?
1
Let l = -237 - -437. Suppose a - 227 = -5*x, 0 = -2*a - x + l + 236. What is the units digit of a?
7
Let j = -742 - 174. Let i(w) = -w**3 + 9*w**2 + 4*w + 9. Let p be i(9). What is the tens digit of 10/p + 3/((-27)/j)?
0
Let b = 90006 - 50942. What is the tens digit of b?
6
Let x(m) = -m**2 + 3*m + 325. Let j(v) = v**3 - 19*v**2 - 18*v - 40. Let w be j(20). What is the hundreds digit of x(w)?
3
Suppose 3*o = 13*s - 7774, -4*s - 15*o = -11*o - 2392. What is the tens digit of s?
9
Suppose 158 = -y - 2*n, -7*n = 2*y - 6*n + 331. Let r = -35 - y. What is the hundreds digit of r?
1
Suppose -2*h + 4*b = -4436, b = 3*h + 3*b - 6694. What is the units digit of h?
8
Let v(r) = -1 - 1 - 5*r + 1. Let d be v(1). Let s = d + 86. What is the units digit of s?
0
Let h be 87/(-2*4/(-80)). Let b = -572 + h. What is the hundreds digit of b?
2
Let v(m) = 12*m - 33. Let t b